 + 1 = 0. Is c a prime number?
True
Let d(z) = z + 5. Let i be d(0). Suppose -5*m + 15 = -i*o, -2*o + o + 9 = 5*m. Suppose -v - m*v - 15 = 0, 11531 = 4*r - 3*v. Is r a composite number?
False
Suppose 4*a = -a + 2200. Suppose 417 + 312 = 9*c. Let o = a + c. Is o prime?
True
Suppose -5*n + j - 2 = 1, 4*n = 3*j + 2. Let q be (-62 - n)*(5 + -5 - 13). Is q + 6/2 - -3 a prime number?
False
Suppose -5*f - 2*r + 494195 = -153267, 3*f + 5*r = 388462. Is f prime?
False
Let n = 162 + -156. Is (-8 - (-4581)/54) + 1/n composite?
True
Let p(t) = 2*t**2 - t - 151. Let b be p(0). Let w = -323 + 685. Let m = w + b. Is m prime?
True
Let a(m) = -1950*m - 1. Let q(f) = 1951*f + 2. Let p(x) = -2*a(x) - 3*q(x). Is p(-3) a composite number?
True
Let w = 214 + -217. Is 1/(2*1*w/(-11694)) prime?
True
Suppose -28*w - 108*w = 62*w - 5693886. Is w composite?
True
Let a(p) = 15114*p - 34. Let h be a(3). Let r = h - 24615. Is r a composite number?
False
Let k = -2173 + 1478. Let q = k - -2388. Is q prime?
True
Let r = 16053 - -2006. Suppose -5*p = -5*z + 31135, 2*z - r = -3*p - 5605. Is z prime?
False
Suppose q + 5*u = -329 + 2390, 8280 = 4*q + 2*u. Let f = -3874 + q. Let l = -1240 - f. Is l composite?
False
Let b be (-1 - -406)*920/30. Suppose -10 = 2*m, -5*s - m = 2*m - b. Is s a composite number?
True
Suppose 31*l = 202*l - 78471729. Is l a prime number?
False
Suppose -6*b = 29 - 47. Suppose 4*r + l + 3316 = 14549, -11245 = -4*r + b*l. Is r composite?
True
Let d(m) = m**3 - 7*m**2 + 4*m - 24. Let k be d(7). Let u be -3 + 20/16*k. Suppose 3*g - 4199 = 2*q, -4*g + u*q = 7*q - 5614. Is g a composite number?
True
Let k be (-2)/(-4) + (-2)/4. Suppose -w + 3*d - d = -703, 2*w - 2*d - 1412 = k. Suppose 0 = -m + 2*m - w. Is m a prime number?
True
Suppose -4*v + 1 = 3*d + 8, d + 5 = 0. Let t be v/(3 + (-5)/2). Suppose 15 = 5*n, -t*x - 1004 = n - 3091. Is x a composite number?
False
Let s(c) = -c**2 + 6*c + 31. Let q be s(9). Suppose -3*z = 3*y + 24, -y - q*z = -5*y - 24. Is (3831/(-6))/(y/42) a composite number?
True
Is (-22)/539*-14 + 4931165/35 a prime number?
True
Suppose -2*d = 5*o + 5, -37 = -5*d + o + 3*o. Suppose d*z - 534 = 164901. Suppose z + 9639 = 6*l. Is l prime?
True
Is (-11882195)/10*(-68)/442 a composite number?
False
Let f(a) = 202*a**2 - 28*a - 55. Is f(-14) composite?
False
Let y(k) be the third derivative of -k**6/60 - 17*k**5/60 + k**4/12 + 37*k**3/6 - 9*k**2. Let x be y(-12). Let a = -542 + x. Is a a composite number?
False
Let l = -134 - 715. Let s = 1976 + l. Suppose s + 2296 = 3*y. Is y composite?
True
Suppose 3*o - 5*j = 5199, 5*o - 4973 = 3*j + 3692. Is o a prime number?
True
Suppose 3*z + 2*s - 15 - 2 = 0, -5*z = 4*s - 27. Suppose 28114 + 3379 = z*y. Is y a composite number?
True
Let b(p) = 2*p + 7 - 6 + 2. Let x be b(0). Suppose -2*z + 0*h - 2*h = -3794, -x*z + h = -5707. Is z a composite number?
False
Suppose 3*s - 9 = 39. Suppose -2*x = -2*g + 6, 5*g - 2*x = g + s. Suppose -330 = -g*m + 145. Is m a composite number?
True
Let m(p) = -7*p**3 - 11*p**2 - 20*p - 3. Let g(n) = 20*n**3 + 34*n**2 + 61*n + 10. Let t(h) = -4*g(h) - 11*m(h). Is t(-10) prime?
True
Suppose -166*v + 488 = -158*v. Suppose -53*r - 443912 = -v*r. Is r prime?
False
Suppose 0 = -t, -u - 2 = 62*t - 61*t. Let y(d) = d - 2*d + 80*d**2 - 1 - 4. Is y(u) prime?
True
Suppose -15*s + 17*s = 12. Is 2*449292/(-8)*(-2)/s composite?
False
Let a(k) = 235*k - 2. Let p(r) = -236*r + 1. Let v(f) = 5*a(f) + 6*p(f). Suppose -4*m = b + 7, -m = 3*m - 3*b - 5. Is v(m) prime?
False
Let a be (0 - -3) + (-152)/38. Is 0 - (0 - 14437)*(0 - a) composite?
False
Suppose -4*b - 6 = -3*n, 0 = 3*b - 0*b. Suppose -n*x - 5*x = -21. Suppose -50 = x*u - 1973. Is u a prime number?
True
Is 21599212/20 - 3 - 1*12/20 prime?
True
Let k be (-30)/18*(-6)/5. Suppose -k*g + 4*r + 2014 = 0, -4*g + 7*r + 4048 = 9*r. Is g a composite number?
True
Suppose -69*h - 474820 = -89*h. Is h a composite number?
False
Let v be (1 + -297)/((-26)/832) - -3. Suppose -11*f + v = 14*f. Is f a composite number?
False
Let f = -95 + 98. Let n be 75/(((-3)/9*f)/(-5)). Let i = -152 + n. Is i composite?
False
Let r(l) = -1111*l**3 - 11*l**2 + 31*l + 253. Is r(-8) composite?
False
Let j = 232221 - -3922. Is j a prime number?
True
Suppose q + g + 19 = -3*g, -13 = 3*q + g. Let w be ((-2)/(-6))/(50/15 + q). Is w - -1695 - (8 + (-25)/5) prime?
True
Suppose 0 = -h - 3, -4*n = -0*n - 2*h + 22982. Let t = n + 11106. Is t prime?
False
Let f(i) = i**3 + 22*i**2 + 20*i - 15. Let w be f(-21). Suppose 3*g + w = 15. Suppose 132 = -g*m + 4*q + 731, -5*m + 2*q + 1017 = 0. Is m composite?
True
Suppose -t = j - 50, -j = j + t - 102. Let w(x) = -3 + 62*x - 133*x + j*x. Is w(-8) prime?
True
Let n(q) = 678*q + 121. Let h be (-4)/(-2)*(-16)/(-32) + 4. Is n(h) a composite number?
False
Let x = -100901 - -205132. Is x a composite number?
False
Let s(q) be the second derivative of 1/2*q**2 + 0 + 151/3*q**3 + 17*q. Is s(1) a prime number?
False
Let k = -229 + 224. Let p(u) = 783*u**2 - 7*u - 63. Is p(k) a prime number?
False
Let i(j) = -63*j**3 + 10*j**2 - 5*j - 7. Let r(y) = -y**3 + y**2 - y. Let c(a) = i(a) + 4*r(a). Is c(-7) a composite number?
True
Suppose 10 = 3*f - a, -5 = -4*f + 2*a + a. Suppose 30 = 31*k - 26*k. Suppose k*o - f*o - 887 = 0. Is o a prime number?
True
Let i = 196486 - 139685. Is i composite?
True
Suppose -26 = -3*m - 11. Suppose 0*k + 7839 = m*k - 2*q, -2*k - 5*q + 3124 = 0. Is k a composite number?
False
Let u(b) = -25*b**3 - 118*b**2 + 265*b - 33. Is u(-29) a composite number?
False
Let n(x) = 9*x**3 - 13*x**2 + 19*x - 27. Suppose -2*t + q + 36 = 5*q, 0 = 5*t + 4*q - 60. Is n(t) composite?
True
Let s(p) = 1740*p - 1637. Is s(20) a composite number?
True
Let y = 660 + -596. Suppose 57*t + 156709 = y*t. Is t prime?
False
Suppose 0 = -0*g + 2*g, -u = 5*g - 25. Suppose -14*q = -9*q - u. Suppose 2*y = f - 491, 1091 = -4*f + q*y + 3055. Is f prime?
True
Suppose -917792 = -23*p + 247802. Is p composite?
True
Let p be 2/(-9) - (-114)/27. Suppose t = -5*z - p*t + 15155, 0 = -z - 5*t + 3039. Is z a prime number?
False
Is 42/7 + 0/(-8) - -40337 a composite number?
False
Suppose -m + 3864 = -g + 5*g, g = 3*m + 966. Suppose 2*d - 4*d + k + g = 0, -5*k = d - 461. Is d a composite number?
True
Let g = -4 - -16. Suppose 0 = r - 4*r - g, -492 = 4*a + 4*r. Is -2 - a - (-7 - -3) composite?
True
Let r(n) be the second derivative of 3*n**4/2 + n**3/2 - 19*n**2/2 - 75*n. Is r(-8) composite?
False
Let c be (-2)/(-8) + 5220/48. Let a = -88 + c. Is a composite?
True
Let c(h) = -4807*h + 2113. Is c(-28) prime?
True
Let z = 45308 + -23621. Suppose 2*j + 3693 = -2*t + z, 0 = -4*t. Is j a prime number?
False
Let b be (-4)/10 + 94/10. Suppose b*r = 16*r - 11599. Is r a prime number?
True
Let p = -1045 - -3532. Let i = 3633 - p. Suppose 0 = -0*d - 6*d + i. Is d a composite number?
False
Let s = 350832 + -242611. Is s composite?
True
Let j(r) = r**2 + 22*r + 56. Let f be j(-29). Suppose -266*l = -f*l - 51569. Is l a prime number?
False
Suppose 352*o - 333*o - 86887 = 0. Is o a composite number?
True
Let z = 1 + 26. Let b be 4/12 - 89/(-6)*(15 - 13). Suppose z*d = b*d - 3777. Is d prime?
True
Suppose 4*a + 2*n - 5970 = 0, -a + 1465 = 2*n - 7*n. Is (0 - 4)*13/(-104)*a a prime number?
False
Let p(u) = 7*u + 30. Let h be p(-6). Is (-2)/12 - -218*(-211)/h composite?
False
Suppose 7*h = 176992 + 612818. Suppose 26*p - h = -4*p. Is p composite?
False
Suppose 21*t - 18*t + 24 = 0, -5*n - 4*t + 480653 = 0. Is n prime?
True
Suppose 0*g + 9*g - 27 = 0. Suppose -g*f + 5*s - 11 = -4, -3*f = s - 5. Is 1170 - (2 - f)*-1 prime?
True
Let z = 46 + -44. Suppose i = -z*i - i. Suppose q = 2*v - i*q - 2723, -3*q - 4086 = -3*v. Is v composite?
False
Let h(m) = -34*m + 134774. Let k be h(0). Suppose 0 = 4*q + v - 94960, -5*q + 4*v - 16053 = -k. Is q a composite number?
False
Let m(p) = 80*p**2 + 3*p - 10. Let t be m(-5). Let u = 13551 + -7232. Suppose 0 = 8*g + t - u. Is g composite?
True
Suppose 0 = -9*p + 11881 + 62810. Suppose 3*s - p - 20018 = 0. Is s a prime number?
True
Suppose 13 = 8*d - 7*d. Suppose 8 = 4*n, 4*q - 3*q + 5*n = d. Suppose 0 = 5*i - i - 12, -5*f = -q*i - 2216. Is f a composite number?
True
Is (-7 - 3)*4/(-8) - -16178 a prime number?
True
Let j(u) = 10*u**2 - 11*u + 57. Let z be j(